NOAA-style Climate Reports

Select a Year or Month report
V/Λ2019 > Jan Feb Mar Apr May Jun Jul Aug Sep Oct Nov Dec
V/Λ2018 > Jan Feb Mar Apr May Jun Jul Aug Sep Oct Nov Dec
V/Λ2017 > Jan Feb Mar Apr May Jun Jul Aug Sep Oct Nov Dec
V/Λ2016 > Jan Feb Mar Apr May Jun Jul Aug Sep Oct Nov Dec

Report for 2019 Jun
                   Monthly Climatological Summary for Jun 2019

Name: NCI Rossall Point   City: Fleetwood   State: Lancashire. uk
Elevation: 17 m  Lat: N 53 55' 33"   Lon: W 003 02' 07"

                  Temperature (C), Rain (mm), Wind Speed (kts)

                                      Heat  Cool        Avg
    Mean                              Deg   Deg         Wind                 Dom
Day Temp  High   Time   Low    Time   Days  Days  Rain  Speed High   Time    Dir
----------------------------------------------------------------------------------
 1  16.2  17.6   08:43  13.6   10:00   2.1   0.0   1.8   7.6  20.0   07:28    SE
 2  14.6  18.3   10:49  12.3   05:50   3.7   0.0   1.0  23.5  41.7   21:29    SW
 3  13.5  15.3   16:03  11.4   05:28   4.8   0.0   0.0  16.7  31.3   10:22    SW
 4  12.9  16.2   12:35  11.4   01:48   5.4   0.0   7.8  10.1  27.8   09:51    SE
 5  12.3  13.9   12:49   8.6   05:05   6.0   0.0   0.2  11.3  26.1   10:11   SSW
 6  12.9  15.7   09:37   9.8   04:49   5.4   0.0   0.0   7.3  18.3   16:40     S
 7  13.5  17.7   14:06  11.3   07:48   4.8   0.0  10.6  18.7  37.4   09:31   NNE
 8  12.7  13.8   20:54  11.6   10:29   5.6   0.0   0.6  19.6  38.3   10:31     W
 9  12.6  15.0   18:40   9.1   05:13   5.7   0.0   0.0   5.1  16.5   10:19     W
10  13.5  15.8   20:26  11.7   07:21   4.8   0.0   0.6  17.2  37.4   08:19   NNE
11  12.1  13.6   13:39  10.3   04:20   6.2   0.0   2.8  21.5  33.0   14:43   NNE
12  12.9  14.4   16:36  10.8   09:30   5.3   0.0   4.0  18.4  33.0   08:19   NNE
13  11.1  12.1   13:51   9.3   08:11   7.2   0.0   1.0  10.4  26.1   10:31     W
14  13.3  16.2   19:01  11.4   10:00   5.0   0.0   0.2   7.4  27.0   09:22   SSE
15  13.3  16.5   11:33  10.4   05:34   5.0   0.0   0.0  11.5  27.8   10:40   SSW
16  14.9  17.2   14:27  13.4   04:00   3.4   0.0   4.6  16.0  33.0   22:01   SSW
17  14.9  17.1   16:45  11.8   03:57   3.4   0.0   0.0  13.9  22.6   10:18    SW
18  14.0  15.6   21:08  12.1   06:00   4.3   0.0   1.0   3.9  16.5   10:02   WSW
----------------------------------------------------------------------------------
    13.4  18.3     2     8.6     5    88.1   0.0  36.2  13.3  41.7     2      SW

Max >=  27.0:  0
Max <=   0.0:  0
Min <=   0.0:  0
Min <= -18.0:  0
Max Rain: 10.6 on day 7
Days of Rain: 13 (>= 0.2 mm)  5 (>= 2.0 mm)  0 (>= 20.0 mm)
Heat Base: 18.3  Cool Base: 18.3  Method: Integration